{"id":45,"date":"2019-12-09T10:00:45","date_gmt":"2019-12-09T09:00:45","guid":{"rendered":"http:\/\/serwer1917455.home.pl\/public_html\/nowy-bip\/?page_id=45"},"modified":"2026-03-17T13:30:01","modified_gmt":"2026-03-17T12:30:01","slug":"arbitrzy-rzeczoznawcy","status":"publish","type":"page","link":"https:\/\/poznan.wiih.gov.pl\/nowy-bip\/arbitrzy-rzeczoznawcy\/","title":{"rendered":"Arbitrzy\/Rzeczoznawcy"},"content":{"rendered":"\t\t<div data-elementor-type=\"wp-page\" data-elementor-id=\"45\" class=\"elementor elementor-45\" data-elementor-post-type=\"page\">\n\t\t\t\t\t\t<section class=\"elementor-section elementor-top-section elementor-element elementor-element-4c77f11c elementor-section-boxed elementor-section-height-default elementor-section-height-default\" data-id=\"4c77f11c\" data-element_type=\"section\">\n\t\t\t\t\t\t<div class=\"elementor-container elementor-column-gap-default\">\n\t\t\t\t\t<div class=\"elementor-column elementor-col-100 elementor-top-column elementor-element elementor-element-5f4766cd\" data-id=\"5f4766cd\" data-element_type=\"column\">\n\t\t\t<div class=\"elementor-widget-wrap elementor-element-populated\">\n\t\t\t\t\t\t<div class=\"elementor-element elementor-element-6e54c96 elementor-widget elementor-widget-text-editor\" data-id=\"6e54c96\" data-element_type=\"widget\" data-widget_type=\"text-editor.default\">\n\t\t\t\t<div class=\"elementor-widget-container\">\n\t\t\t\t\t\t\t<h6><span style=\"font-size: 20px;\"><b>ARBITRZY<\/b><\/span><\/h6><p>Wielkopolski Wojew\u00f3dzki Inspektor Inspekcji Handlowej w Poznaniu zgodnie z Zarz\u0105dzeniem nr 4\/2026 z dnia 16 marca 2026 roku przedstawia list\u0119 sta\u0142ych arbitr\u00f3w Sta\u0142ego S\u0105du Polubownego przy Wielkopolskim Wojew\u00f3dzkim Inspektorze Inspekcji Handlowej<\/p>\t\t\t\t\t\t<\/div>\n\t\t\t\t<\/div>\n\t\t\t\t<div class=\"elementor-element elementor-element-2dc98ba elementor-button-info elementor-align-center elementor-widget elementor-widget-button\" data-id=\"2dc98ba\" data-element_type=\"widget\" data-widget_type=\"button.default\">\n\t\t\t\t<div class=\"elementor-widget-container\">\n\t\t\t\t\t<div class=\"elementor-button-wrapper\">\n\t\t\t<a class=\"elementor-button elementor-button-link elementor-size-sm\" href=\"https:\/\/poznan.wiih.gov.pl\/wp-content\/uploads\/2026\/03\/Lista-arbitrow-Stalego-Sadu-Polubownego-1-1.pdf\" target=\"_blank\">\n\t\t\t\t\t\t<span class=\"elementor-button-content-wrapper\">\n\t\t\t\t\t\t\t\t\t<span class=\"elementor-button-text\">Lista sta\u0142ych arbitr\u00f3w Sta\u0142ego S\u0105du Polubownego<\/span>\n\t\t\t\t\t<\/span>\n\t\t\t\t\t<\/a>\n\t\t<\/div>\n\t\t\t\t<\/div>\n\t\t\t\t<\/div>\n\t\t\t\t<div class=\"elementor-element elementor-element-e1ae109 elementor-widget elementor-widget-text-editor\" data-id=\"e1ae109\" data-element_type=\"widget\" data-widget_type=\"text-editor.default\">\n\t\t\t\t<div class=\"elementor-widget-container\">\n\t\t\t\t\t\t\t<h4><b>\u00a0<\/b><\/h4><h4><b>RZECZOZNAWCY<\/b><\/h4><p><span style=\"font-size: 20px;\">Rzeczoznawcy do spraw jako\u015bci produkt\u00f3w i us\u0142ug s\u0105 powo\u0142ani do wydawania opinii na zlecenie: konsumenta, przedsi\u0119biorcy, sta\u0142ego s\u0105du polubownego, wojew\u00f3dzkiego inspektora Inspekcji Handlowej, miejskiego lub powiatowego rzecznika konsument\u00f3w, albo organizacji spo\u0142ecznej, do kt\u00f3rej zada\u0144 statutowych nale\u017cy ochrona interes\u00f3w konsument\u00f3w.<\/span><\/p><p><strong>Nie s\u0105 oni pracownikami Inspekcji Handlowej; dzia\u0142aj\u0105 na w\u0142asny rachunek.<\/strong><\/p><p><strong>Opinie rzeczoznawc\u00f3w s\u0105 odp\u0142atne.<\/strong><\/p><p>W razie w\u0105tpliwo\u015bci i pyta\u0144 mo\u017cna skontaktowa\u0107 si\u0119 z Pani\u0105\u00a0<strong>Karolin\u0105 Jeziersk\u0105 <\/strong>&#8211; nr tel.\u00a061 850 73 47<\/p>\t\t\t\t\t\t<\/div>\n\t\t\t\t<\/div>\n\t\t\t\t<div class=\"elementor-element elementor-element-5c90300 elementor-button-info elementor-align-center elementor-widget elementor-widget-button\" data-id=\"5c90300\" data-element_type=\"widget\" data-widget_type=\"button.default\">\n\t\t\t\t<div class=\"elementor-widget-container\">\n\t\t\t\t\t<div class=\"elementor-button-wrapper\">\n\t\t\t<a class=\"elementor-button elementor-button-link elementor-size-sm\" href=\"https:\/\/poznan.wiih.gov.pl\/wp-content\/uploads\/2026\/01\/lista-rzeczoznawcow-do-spraw-jakosci-produktow-i-uslug-prowadzona-przez-Wielkopolskiego-Wojewodzkiego-Inspektora-Inspekcji-Handlowej.doc\" target=\"_blank\">\n\t\t\t\t\t\t<span class=\"elementor-button-content-wrapper\">\n\t\t\t\t\t\t\t\t\t<span class=\"elementor-button-text\">Lista rzeczoznawc\u00f3w ds. produkt\u00f3w i jako\u015bci us\u0142ug<\/span>\n\t\t\t\t\t<\/span>\n\t\t\t\t\t<\/a>\n\t\t<\/div>\n\t\t\t\t<\/div>\n\t\t\t\t<\/div>\n\t\t\t\t<div class=\"elementor-element elementor-element-6e987cc3 elementor-widget elementor-widget-text-editor\" data-id=\"6e987cc3\" data-element_type=\"widget\" data-widget_type=\"text-editor.default\">\n\t\t\t\t<div class=\"elementor-widget-container\">\n\t\t\t\t\t\t\t<p style=\"text-align: left;\"><b style=\"font-style: inherit; text-align: left;\">\u00a0<\/b><\/p><p style=\"text-align: left;\"><b style=\"font-style: inherit; text-align: left;\">ROZPORZ\u0104DZENIE W SPRAWIE LIST RZECZOZNAWC\u00d3W DO SPRAW JAKO\u015aCI PRODUKT\u00d3W LUB US\u0141UG<\/b><\/p>\t\t\t\t\t\t<\/div>\n\t\t\t\t<\/div>\n\t\t\t\t<div class=\"elementor-element elementor-element-3d88d0b elementor-button-info elementor-align-center elementor-widget elementor-widget-button\" data-id=\"3d88d0b\" data-element_type=\"widget\" data-widget_type=\"button.default\">\n\t\t\t\t<div class=\"elementor-widget-container\">\n\t\t\t\t\t<div class=\"elementor-button-wrapper\">\n\t\t\t<a class=\"elementor-button elementor-button-link elementor-size-sm\" href=\"http:\/\/dziennikustaw.gov.pl\/D2001085093101.pdf\" target=\"_blank\">\n\t\t\t\t\t\t<span class=\"elementor-button-content-wrapper\">\n\t\t\t\t\t\t\t\t\t<span class=\"elementor-button-text\">Przejd\u017a do rozporz\u0105dzenia<\/span>\n\t\t\t\t\t<\/span>\n\t\t\t\t\t<\/a>\n\t\t<\/div>\n\t\t\t\t<\/div>\n\t\t\t\t<\/div>\n\t\t\t\t<div class=\"elementor-element elementor-element-0ae1374 elementor-widget elementor-widget-text-editor\" data-id=\"0ae1374\" data-element_type=\"widget\" data-widget_type=\"text-editor.default\">\n\t\t\t\t<div class=\"elementor-widget-container\">\n\t\t\t\t\t\t\t<p style=\"text-align: left;\"><strong style=\"font-size: 20px; text-align: left;\">\u00a0<\/strong><\/p><p style=\"text-align: left;\"><strong style=\"font-size: 20px;\">DOKUMENTY NIEZB\u0118DNE DLA KANDYDAT\u00d3W NA RZECZOZNAWC\u00d3W:<\/strong><\/p>\t\t\t\t\t\t<\/div>\n\t\t\t\t<\/div>\n\t\t\t\t<div class=\"elementor-element elementor-element-4607d5d elementor-button-info elementor-align-center elementor-widget elementor-widget-button\" data-id=\"4607d5d\" data-element_type=\"widget\" data-widget_type=\"button.default\">\n\t\t\t\t<div class=\"elementor-widget-container\">\n\t\t\t\t\t<div class=\"elementor-button-wrapper\">\n\t\t\t<a class=\"elementor-button elementor-button-link elementor-size-sm\" href=\"https:\/\/poznan.wiih.gov.pl\/wp-content\/uploads\/2020\/02\/Wniosek-o-wpis-na-list\u0119-rzeczoznawc\u00f3w.docx\" target=\"_blank\">\n\t\t\t\t\t\t<span class=\"elementor-button-content-wrapper\">\n\t\t\t\t\t\t\t\t\t<span class=\"elementor-button-text\">Wniosek o wpis na list\u0119 rzeczoznawc\u00f3w<\/span>\n\t\t\t\t\t<\/span>\n\t\t\t\t\t<\/a>\n\t\t<\/div>\n\t\t\t\t<\/div>\n\t\t\t\t<\/div>\n\t\t\t\t<div class=\"elementor-element elementor-element-6c31a13 elementor-button-info elementor-align-center elementor-widget elementor-widget-button\" data-id=\"6c31a13\" data-element_type=\"widget\" data-widget_type=\"button.default\">\n\t\t\t\t<div class=\"elementor-widget-container\">\n\t\t\t\t\t<div class=\"elementor-button-wrapper\">\n\t\t\t<a class=\"elementor-button elementor-button-link elementor-size-sm\" href=\"https:\/\/poznan.wiih.gov.pl\/wp-content\/uploads\/2020\/02\/Klauzula-informacyjna-dla-rzeczoznawc\u00f3w-zgody.docx\" target=\"_blank\">\n\t\t\t\t\t\t<span class=\"elementor-button-content-wrapper\">\n\t\t\t\t\t\t\t\t\t<span class=\"elementor-button-text\">Klauzula informacyjna dla rzeczoznawc\u00f3w - zgody<\/span>\n\t\t\t\t\t<\/span>\n\t\t\t\t\t<\/a>\n\t\t<\/div>\n\t\t\t\t<\/div>\n\t\t\t\t<\/div>\n\t\t\t\t<div class=\"elementor-element elementor-element-54848aa elementor-button-info elementor-align-center elementor-widget elementor-widget-button\" data-id=\"54848aa\" data-element_type=\"widget\" data-widget_type=\"button.default\">\n\t\t\t\t<div class=\"elementor-widget-container\">\n\t\t\t\t\t<div class=\"elementor-button-wrapper\">\n\t\t\t<a class=\"elementor-button elementor-button-link elementor-size-sm\" href=\"https:\/\/poznan.wiih.gov.pl\/wp-content\/uploads\/2020\/02\/Klauzula-informacyjna-dla-rzeczoznawc\u00f3w.docx\" target=\"_blank\">\n\t\t\t\t\t\t<span class=\"elementor-button-content-wrapper\">\n\t\t\t\t\t\t\t\t\t<span class=\"elementor-button-text\">Klauzula informacyjna dla rzeczoznawc\u00f3w<\/span>\n\t\t\t\t\t<\/span>\n\t\t\t\t\t<\/a>\n\t\t<\/div>\n\t\t\t\t<\/div>\n\t\t\t\t<\/div>\n\t\t\t\t\t<\/div>\n\t\t<\/div>\n\t\t\t\t\t<\/div>\n\t\t<\/section>\n\t\t\t\t<\/div>\n\t\t","protected":false},"excerpt":{"rendered":"<p>ARBITRZY Wielkopolski Wojew\u00f3dzki Inspektor Inspekcji Handlowej w Poznaniu zgodnie z Zarz\u0105dzeniem nr 4\/2026 z dnia 16 marca 2026 roku przedstawia list\u0119 sta\u0142ych arbitr\u00f3w Sta\u0142ego S\u0105du Polubownego przy Wielkopolskim Wojew\u00f3dzkim Inspektorze Inspekcji Handlowej Lista sta\u0142ych arbitr\u00f3w Sta\u0142ego S\u0105du Polubownego \u00a0 RZECZOZNAWCY Rzeczoznawcy do spraw jako\u015bci produkt\u00f3w i us\u0142ug s\u0105 powo\u0142ani do wydawania opinii na zlecenie: konsumenta, [&hellip;]<\/p>\n","protected":false},"author":1,"featured_media":0,"parent":0,"menu_order":0,"comment_status":"closed","ping_status":"closed","template":"","meta":{"_lmt_disableupdate":"no","_lmt_disable":"no","site-sidebar-layout":"default","site-content-layout":"default","ast-site-content-layout":"","site-content-style":"default","site-sidebar-style":"default","ast-global-header-display":"","ast-banner-title-visibility":"","ast-main-header-display":"","ast-hfb-above-header-display":"","ast-hfb-below-header-display":"","ast-hfb-mobile-header-display":"","site-post-title":"","ast-breadcrumbs-content":"","ast-featured-img":"","footer-sml-layout":"","theme-transparent-header-meta":"default","adv-header-id-meta":"","stick-header-meta":"","header-above-stick-meta":"","header-main-stick-meta":"","header-below-stick-meta":"","astra-migrate-meta-layouts":"default","ast-page-background-enabled":"default","ast-page-background-meta":{"desktop":{"background-color":"","background-image":"","background-repeat":"repeat","background-position":"center center","background-size":"auto","background-attachment":"scroll","background-type":"","background-media":"","overlay-type":"","overlay-color":"","overlay-opacity":"","overlay-gradient":""},"tablet":{"background-color":"","background-image":"","background-repeat":"repeat","background-position":"center center","background-size":"auto","background-attachment":"scroll","background-type":"","background-media":"","overlay-type":"","overlay-color":"","overlay-opacity":"","overlay-gradient":""},"mobile":{"background-color":"","background-image":"","background-repeat":"repeat","background-position":"center center","background-size":"auto","background-attachment":"scroll","background-type":"","background-media":"","overlay-type":"","overlay-color":"","overlay-opacity":"","overlay-gradient":""}},"ast-content-background-meta":{"desktop":{"background-color":"var(--ast-global-color-5)","background-image":"","background-repeat":"repeat","background-position":"center center","background-size":"auto","background-attachment":"scroll","background-type":"","background-media":"","overlay-type":"","overlay-color":"","overlay-opacity":"","overlay-gradient":""},"tablet":{"background-color":"var(--ast-global-color-5)","background-image":"","background-repeat":"repeat","background-position":"center center","background-size":"auto","background-attachment":"scroll","background-type":"","background-media":"","overlay-type":"","overlay-color":"","overlay-opacity":"","overlay-gradient":""},"mobile":{"background-color":"var(--ast-global-color-5)","background-image":"","background-repeat":"repeat","background-position":"center center","background-size":"auto","background-attachment":"scroll","background-type":"","background-media":"","overlay-type":"","overlay-color":"","overlay-opacity":"","overlay-gradient":""}},"footnotes":""},"class_list":["post-45","page","type-page","status-publish","hentry"],"_links":{"self":[{"href":"https:\/\/poznan.wiih.gov.pl\/nowy-bip\/wp-json\/wp\/v2\/pages\/45"}],"collection":[{"href":"https:\/\/poznan.wiih.gov.pl\/nowy-bip\/wp-json\/wp\/v2\/pages"}],"about":[{"href":"https:\/\/poznan.wiih.gov.pl\/nowy-bip\/wp-json\/wp\/v2\/types\/page"}],"author":[{"embeddable":true,"href":"https:\/\/poznan.wiih.gov.pl\/nowy-bip\/wp-json\/wp\/v2\/users\/1"}],"replies":[{"embeddable":true,"href":"https:\/\/poznan.wiih.gov.pl\/nowy-bip\/wp-json\/wp\/v2\/comments?post=45"}],"version-history":[{"count":57,"href":"https:\/\/poznan.wiih.gov.pl\/nowy-bip\/wp-json\/wp\/v2\/pages\/45\/revisions"}],"predecessor-version":[{"id":3921,"href":"https:\/\/poznan.wiih.gov.pl\/nowy-bip\/wp-json\/wp\/v2\/pages\/45\/revisions\/3921"}],"wp:attachment":[{"href":"https:\/\/poznan.wiih.gov.pl\/nowy-bip\/wp-json\/wp\/v2\/media?parent=45"}],"curies":[{"name":"wp","href":"https:\/\/api.w.org\/{rel}","templated":true}]}}